 + -20223?
-1212210323
In base 6, what is 144 - 2200520?
-2200332
In base 5, what is -3 + -2013332043?
-2013332101
In base 10, what is -52 - -843926?
843874
In base 8, what is 124264 + -1022?
123242
In base 5, what is 2130133 + 1231?
2131414
In base 13, what is -2980 - 24?
-29a4
In base 8, what is 125763 + 63?
126046
In base 14, what is -4372 - 961?
-4cd3
In base 15, what is 2 + -744ed8?
-744ed6
In base 13, what is 159633 + -7?
159629
In base 9, what is 10437 - -252?
10700
In base 14, what is 1b69 - 6b6?
1493
In base 7, what is -665 + -4451224?
-4452222
In base 15, what is -2 + -8ebdeae?
-8ebdeb1
In base 7, what is -3 - -1466025303?
1466025300
In base 5, what is -44 + -3213342?
-3213441
In base 5, what is -410004 + -14313?
-424322
In base 8, what is -4 + 24430612?
24430606
In base 6, what is -3 + -11230100112?
-11230100115
In base 2, what is 111001011110001011001 - -11?
111001011110001011100
In base 7, what is -1340 + 20163206?
20161536
In base 15, what is -3e28e - -25e?
-3e030
In base 4, what is -11 + 1010133021?
1010133010
In base 9, what is -20 + 47516701?
47516671
In base 4, what is -32022021 + -201120?
-32223201
In base 16, what is -13ff + 664a?
524b
In base 7, what is 1052250503 - -6?
1052250512
In base 2, what is 1001 - 100000110100010001011100?
-100000110100010001010011
In base 13, what is 0 - -cab75?
cab75
In base 8, what is 23351674 - 4?
23351670
In base 11, what is -5a7 - -7899a9?
789402
In base 16, what is -3c + -52cb0?
-52cec
In base 12, what is 36a + 46457?
46805
In base 16, what is -6a1 + -14af?
-1b50
In base 4, what is -3 + 1032210033103?
1032210033100
In base 15, what is -2 + -27ebdc8?
-27ebdca
In base 16, what is -9a5 + -d481?
-de26
In base 10, what is 1034396 + 132?
1034528
In base 8, what is 2 - -5737537?
5737541
In base 3, what is 10020 - 121100000101?
-121022220011
In base 15, what is 4cc8a - 1?
4cc89
In base 13, what is 15b + 10b4b?
10ca9
In base 8, what is -103600 - 12754?
-116554
In base 9, what is 2005 - 121102?
-118086
In base 9, what is 3 - 14472372?
-14472368
In base 4, what is -2023 - 23233321?
-23302010
In base 11, what is -23967a25 + -2?
-23967a27
In base 16, what is 2 - 778bb50?
-778bb4e
In base 14, what is 6b - 1a270?
-1a203
In base 15, what is -1 + -2d67655?
-2d67656
In base 8, what is -3 - 17650165?
-17650170
In base 3, what is -1020200 + 10211122002?
10210101102
In base 3, what is 1002020222000122 + -10?
1002020222000112
In base 16, what is 2 - bc1e2d?
-bc1e2b
In base 15, what is 0 + 28c228?
28c228
In base 10, what is 25133 - 8620?
16513
In base 7, what is -1026325 + 200?
-1026125
In base 14, what is 161 - 17ca6?
-17b45
In base 6, what is 10123 - -223035?
233202
In base 5, what is -312 - 12220133?
-12221000
In base 7, what is -3 + -43640261?
-43640264
In base 7, what is 10 - 1140030163?
-1140030153
In base 16, what is 4c2d + 9f6?
5623
In base 2, what is -111011111011 + 11111000111001?
10111100111110
In base 7, what is -12215361506 - 4?
-12215361513
In base 4, what is 12210 - 1322231123?
-1322212313
In base 3, what is -10012120101110220 - -11?
-10012120101110202
In base 16, what is 933b9 - 0?
933b9
In base 3, what is -1012 - 2201112220?
-2201121002
In base 16, what is 417d + -24a?
3f33
In base 9, what is 1 - 11648683?
-11648682
In base 10, what is -390492 + -510?
-391002
In base 8, what is -226600 - -5?
-226573
In base 15, what is -13981d - 7e?
-13989c
In base 10, what is -34 - 35613?
-35647
In base 14, what is -13dd7bd + -3?
-13dd7c2
In base 4, what is 10 + -210230112312?
-210230112302
In base 5, what is 32333110004 + -2?
32333110002
In base 3, what is 11100 - 201112102202?
-201112021102
In base 2, what is -1101010 - 1100001011111111010?
-1100001100001100100
In base 6, what is 5030154 - -400?
5030554
In base 13, what is 3c9c + -1313?
2989
In base 3, what is 11212 + -120211100222?
-120211012010
In base 12, what is -1957985 + -3?
-1957988
In base 6, what is -51 + 3310023?
3305532
In base 4, what is 12020322302 - -3?
12020322311
In base 8, what is 353310 + -5146?
346142
In base 12, what is -a192 - -a50?
-9342
In base 7, what is -3522063 + -1356?
-3523452
In base 8, what is -15477254 + 57?
-15477175
In base 7, what is 21 + 6214504?
6214525
In base 8, what is -146 + -13405?
-13553
In base 8, what is -1001 - -102051?
101050
In base 3, what is -1102112010100000 - -1?
-1102112010022222
In base 11, what is 1 + 26769570?
26769571
In base 2, what is -10011 - -1101010011001110101010000?
1101010011001110100111101
In base 12, what is 433596 - -41b?
4339b5
In base 9, what is 14318780 - -12?
14318802
In base 16, what is 806b74 + 5?
806b79
In base 9, what is 33316522 - 1?
33316521
In base 9, what is 524 + -160401?
-158766
In base 16, what is 4 + -3ce091?
-3ce08d
In base 7, what is -62502 + 2023?
-60446
In base 15, what is 2 + -6a1a28?
-6a1a26
In base 7, what is 1031 + -536266?
-535235
In base 12, what is 3940980 + 5?
3940985
In base 7, what is 0 - 31430602?
-31430602
In base 13, what is -30300 - 409?
-30709
In base 7, what is 13501310 - 20?
13501260
In base 2, what is -10000110 - 1111011001?
-10001011111
In base 6, what is -5 - -11104455302?
11104455253
In base 11, what is 958 - 2a429?
-29581
In base 5, what is 11303 + 4312043?
4323401
In base 14, what is 3 - -6a973c4?
6a973c7
In base 7, what is -13 + 15003562?
15003546
In base 2, what is 111001111011 - 1101010001011?
-110000010000
In base 13, what is -4397 + a23?
-3674
In base 11, what is 31a421 - -8a9?
32021a
In base 16, what is 160 + -9f33?
-9dd3
In base 4, what is 101112112321 - -13?
101112113000
In base 12, what is -7 - 4a2ab335?
-4a2ab340
In base 5, what is -124010341240 + -2?
-124010341242
In base 4, what is 1102222031 + -131200?
1102030231
In base 7, what is 66234 + 333315?
432552
In base 7, what is -16110000 + -3?
-16110003
In base 3, what is 101012010201021 + -200?
101012010200121
In base 14, what is 23d + 19b60?
19d9d
In base 8, what is 151442216 + 3?
151442221
In base 8, what is -3731656 - 40?
-3731716
In base 10, what is -2047 + 709?
-1338
In base 4, what is -1213 + 33322223?
33321010
In base 2, what is 1110001111010001 + 1011110111?
1110011011001000
In base 12, what is 7 + 1b5b4712?
1b5b4719
In base 4, what is 13103130 - -100100?
13203230
In base 7, what is 246 + -45006452?
-45006203
In base 10, what is -12581 - -1090?
-11491
In base 6, what is -2202 + -5320404?
-5323010
In base 3, what is 12201020 - 12011012?
120001
In base 11, what is -42 - -341247?
341205
In base 6, what is 4203520 + 12?
4203532
In base 10, what is -4959277 + -55?
-4959332
In base 10, what is 0 - -95546146?
95546146
In base 8, what is 10 - -13340565?
13340575
In base 14, what is -16cb895 + -1?
-16cb896
In base 16, what is -3df209 + -15?
-3df21e
In base 12, what is -1bb1950 - 1?
-1bb1951
In base 3, what is 21 + 1011111210110202?
1011111210111000
In base 5, what is -110121 - -244110?
133434
In base 2, what is -1101010000100010 + 10000001100?
-1101000000010110
In base 4, what is -121 - 3213323?
-3220110
In base 9, what is 67108 - 3710?
63288
In base 9, what is -1200 + 36851?
35651
In base 15, what is -13d688 - -14e?
-13d539
In base 14, what is 1c - -73d8a?
73da8
In base 8, what is 66736 - -12605?
101543
In base 9, what is 84 + 283771?
283865
In base 9, what is -2 + 14382842?
14382840
In base 6, what is -122 + 14423225?
14423103
In base 6, what is 12344 - 23124?
-10340
In base 6, what is 212550 - 542?
212004
In base 8, what is 2737 - 1365?
1352
In base 7, what is 2 + 1045006443?
1045006445
In base 8, what is -20332 - 37245?
-57577
In base 15, what is -5bab2 - -11?
-5baa1
In base 3, what is 10221001021 - -100022?
10221101120
In base 7, what is -2 - -26524501?
26524466
In base 2, what is -1001110 - -1100001101000110?
1100001011111000
In base 11, what is -751 - 24519?
-2516a
In base 9, what is -45 + 8767?
8722
In base 3, what is 212200102221 - -101?
212200110022
In base 10, what is -80 + -2058219?
-2058299
In base 3, what is 12 + -11101120122111201?
-11101120122111112
In base 16, what is 22b + 773d?
7968
In base 13, what is 7 + -43c93?
-43c89
In base 9, what is -3 + 1160087?
1160084
In base 12, what is -125b11 - -2?
-125b0b
In base 11, what is -64a73441 - -3?
-64a73439
In base 6, what is 4021454 + 302?
4022200
In base 6, what is 5 + -432155302?
-432155253
In base 9, what is 122 + 1645325?
164